{"id":15981,"date":"2023-06-21T14:59:13","date_gmt":"2023-06-21T12:59:13","guid":{"rendered":"https:\/\/lamaisondemiski.com\/?post_type=product&#038;p=15981"},"modified":"2023-07-04T16:15:29","modified_gmt":"2023-07-04T14:15:29","slug":"gateau-royal","status":"publish","type":"product","link":"https:\/\/lamaisondemiski.com\/index.php\/produit\/gateau-royal\/","title":{"rendered":"G\u00e2teau royal"},"content":{"rendered":"","protected":false},"excerpt":{"rendered":"<p><strong><span style=\"color: #000000;\">Les ingr\u00e9dients :<\/span><\/strong><\/p>\n<ul>\n<li style=\"font-weight: 400;\" aria-level=\"1\"><span style=\"font-weight: 400; color: #000000;\">Biscuit viennois chocolat<\/span><\/li>\n<li style=\"font-weight: 400;\" aria-level=\"1\"><span style=\"font-weight: 400; color: #000000;\">Mousse chocolat onctueuse 52% \u00e0 64% de cacao<\/span><\/li>\n<li style=\"font-weight: 400;\" aria-level=\"1\"><span style=\"font-weight: 400; color: #000000;\">Croustillant pralin\u00e9 amande \u2013 noisette<\/span><\/li>\n<li style=\"font-weight: 400;\" aria-level=\"1\"><span style=\"font-weight: 400; color: #000000;\">Gla\u00e7age miroir au chocolat noir<\/span><\/li>\n<\/ul>\n<p><span style=\"font-weight: 400; color: #000000;\">\u00a0<\/span><span style=\"color: #000000;\"><b>Allerg\u00e8ne:<\/b><\/span><\/p>\n<p><span style=\"font-weight: 400; color: #000000;\">Pr\u00e9sence d\u2019\u0153ufs, gluten, lactose et fruits \u00e0 coque.<\/span><\/p>\n<p><span style=\"font-weight: 400; color: #000000;\">\u00a0<\/span><strong><span style=\"color: #000000;\">Conservation :<\/span><\/strong><\/p>\n<p><span style=\"font-weight: 400; color: #000000;\">Au r\u00e9frig\u00e9rateur 3 jours maximum.<\/span><\/p>\n<p><span style=\"font-weight: 400; color: #000000;\">Sortir du r\u00e9frig\u00e9rateur 10 minutes avant d\u00e9gustation.<\/span><\/p>\n<p><span style=\"font-weight: 400; color: #000000;\">Ne pas congeler.<\/span><\/p>\n","protected":false},"featured_media":16155,"comment_status":"closed","ping_status":"closed","template":"","meta":[],"product_cat":[71],"product_tag":[],"class_list":["post-15981","product","type-product","status-publish","has-post-thumbnail","hentry","product_cat-cakes"],"_links":{"self":[{"href":"https:\/\/lamaisondemiski.com\/index.php\/wp-json\/wp\/v2\/product\/15981","targetHints":{"allow":["GET"]}}],"collection":[{"href":"https:\/\/lamaisondemiski.com\/index.php\/wp-json\/wp\/v2\/product"}],"about":[{"href":"https:\/\/lamaisondemiski.com\/index.php\/wp-json\/wp\/v2\/types\/product"}],"replies":[{"embeddable":true,"href":"https:\/\/lamaisondemiski.com\/index.php\/wp-json\/wp\/v2\/comments?post=15981"}],"version-history":[{"count":2,"href":"https:\/\/lamaisondemiski.com\/index.php\/wp-json\/wp\/v2\/product\/15981\/revisions"}],"predecessor-version":[{"id":16043,"href":"https:\/\/lamaisondemiski.com\/index.php\/wp-json\/wp\/v2\/product\/15981\/revisions\/16043"}],"wp:featuredmedia":[{"embeddable":true,"href":"https:\/\/lamaisondemiski.com\/index.php\/wp-json\/wp\/v2\/media\/16155"}],"wp:attachment":[{"href":"https:\/\/lamaisondemiski.com\/index.php\/wp-json\/wp\/v2\/media?parent=15981"}],"wp:term":[{"taxonomy":"product_cat","embeddable":true,"href":"https:\/\/lamaisondemiski.com\/index.php\/wp-json\/wp\/v2\/product_cat?post=15981"},{"taxonomy":"product_tag","embeddable":true,"href":"https:\/\/lamaisondemiski.com\/index.php\/wp-json\/wp\/v2\/product_tag?post=15981"}],"curies":[{"name":"wp","href":"https:\/\/api.w.org\/{rel}","templated":true}]}}